)/(5/k) + -2. Let a be x(w). Let n(t) = -3*t + 1. Determine n(a).
4
Let s(x) = -x**3 + 40*x**2 - 48*x + 349. Let g be s(39). Let l(n) = 6*n**3 - 3*n**2 - 2*n. What is l(g)?
-56
Suppose 40*n = 116*n - 836. Let m(h) = h**3 - 10*h**2 + h - 18. Determine m(n).
114
Let c = 6383 - 6396. Let i(m) = m**2 + 12*m - 22. Determine i(c).
-9
Let v(k) be the first derivative of -k**2 + 4*k + 1. Let n(h) = -h**3 - 2*h**2 + 2*h + 6. Let l be n(0). Let p be l + 6 + (-90)/10. Calculate v(p).
-2
Let k(c) be the third derivative of 1/8*c**4 - 11/6*c**3 - 2 + 0*c + 1/60*c**5 + 39*c**2. Determine k(-8).
29
Let y(s) = 9*s + 66. Suppose 0 = -10*i + 13*i - 4*m + 36, 5*i + 55 = 5*m. Give y(i).
-6
Let p = 7 + -3. Let c(i) = 6*i**2 - 20*i + 12. Let v(o) = -o**2 + 3*o - 2. Let z(u) = -c(u) - 5*v(u). Determine z(p).
2
Let w(h) = h**2 - 10*h + 10. Let n be w(8). Let s(g) = 6*g**2 + 3*g - 4. Let m(x) = x**2 - 1. Let r(p) = -11*m(p) + 2*s(p). Determine r(n).
3
Let i(r) = 40*r + 225. Let j(c) = -9*c - 5. Let x(g) = i(g) + 3*j(g). Determine x(-16).
2
Let s(v) be the second derivative of -v**5/20 - v**4 + 9*v**2 - 286*v - 1. Determine s(-12).
18
Let o(w) be the first derivative of w**5/60 - w**4/24 - w**3/6 - 6*w**2 + 2*w - 97. Let x(p) be the second derivative of o(p). Determine x(0).
-1
Let g(x) = -x**2 + 8*x - 6. Let u(v) be the second derivative of -v**4/12 + 11*v**3/6 - 25*v**2/2 - 39*v - 2. Let h be u(4). Calculate g(h).
9
Let m = 36 + -34. Let h(a) = -10*a**2 + 4 - a - 15*a**m + 21*a**2 - 2 - 2*a**3. Give h(-3).
23
Let a be ((-348)/18)/(-29)*9/(-6). Suppose -3*t - 2*t + 20 = 0. Let v(i) = 3*i - 2*i**2 + t*i**2 + 4*i - 5*i + 1 + 9*i**3. Calculate v(a).
-8
Let p(t) = -5*t**2 - 6*t - 6. Let c(m) be the second derivative of -m**4/2 - m**3 - 3*m**2 - 47*m. Let n(x) = -6*c(x) + 7*p(x). Determine n(5).
-11
Let g(t) be the third derivative of t**5/60 + t**4/2 - 11*t**3/6 - 279*t**2 - 1. Calculate g(-15).
34
Suppose 4*q - 24 = -2*r, 16 = 3*q + 1. Let m(o) = -461*o - 6 - o**r + 922*o - 465*o. What is m(-3)?
-3
Let s(n) = -n**2 + 6*n - 6. Let c be 12/8*5172/(-18). Let r = c + 434. Calculate s(r).
3
Let s(u) = 0*u**2 + 7 - 3 - 5 - 4 + u**2. Give s(-2).
-1
Suppose -2 = -117*n + 583. Let h(x) = -6*x - 5. Give h(n).
-35
Suppose 28*g = 222*g - 776. Let p(h) be the second derivative of h**3 + 3*h + 3*h**2 + 1/12*h**g + 0. What is p(-6)?
6
Suppose -5*y - 11 = -5*h + 4, -2*y - h = 0. Let l(u) = 36*u**3 + 3*u + 2. Calculate l(y).
-37
Let f(b) = b - 3. Let u(t) = -t - 2. Let g(h) = -4*f(h) - u(h). Give g(0).
14
Let z(o) be the third derivative of o**5/60 - 13*o**4/8 + 7*o**3/3 - 2*o**2 - 17*o + 72. Determine z(39).
14
Let i(t) = -t**2 - 4*t - 14 - 10*t - 3. Suppose -43*j = 7*z - 41*j + 96, -4*j = 2*z + 48. What is i(z)?
7
Let p be -9 - ((-12)/28 + 20/14). Let m be 9/(-6) - -1*p/4. Let x(u) be the third derivative of u**6/120 + u**5/12 - 5*u**3/6 - u**2. What is x(m)?
11
Let y(x) = 7*x**2 + 4*x + 5. Let t(m) = -10*m**2 - 7*m - 7. Let f = -189 + 196. Let p(w) = f*y(w) + 5*t(w). Let g be 25/(-10)*(2 + 0). Determine p(g).
10
Let t be -7*-1*(-2 + 1). Let q(z) = z**2 - 19*z + 57. Let g be q(6). Let n(d) = -29*d - 1. Let r(x) = 4*x. Let i(b) = g*r(b) - 3*n(b). Give i(t).
-18
Let z(g) = 23*g - 374. Let h be z(16). Let n(o) = o + 14. What is n(h)?
8
Let u(b) = b**3 - 3*b**2 - b - 16. Let x be u(4). Let l be x + -3*(-10)/5. Let n(w) = -w**l + w**3 + w - 2*w**2 - 3*w**2 + 2. Give n(6).
8
Let d(q) be the third derivative of -1/12*q**4 + 135 - 1/10*q**5 + 5/6*q**3 - 1/120*q**6 - 2*q**2 + 0*q. What is d(-5)?
-10
Let l be (-1 + 3)*-2 - -1. Let i(s) = -7*s**2 + 13*s - 2. Let y(j) = -10*j**2 + 18*j - 3. Let z(q) = -7*i(q) + 5*y(q). Calculate z(l).
-7
Let z(n) = -3*n + 64. Suppose -756 = 50*b - 2*b - 90*b. Give z(b).
10
Let h = -3 - 1. Let m be (-26)/h + (-2)/(-4). Let d(l) be the third derivative of -l**5/60 + 5*l**4/24 + 4*l**3/3 - 3488*l**2. Calculate d(m).
-6
Let q(t) be the first derivative of 3*t**5/10 + t**3/6 + 9*t - 81. Let g(c) be the first derivative of q(c). Give g(-1).
-7
Let r(g) = 2*g - 1. Let y be ((-2)/(-2))/(1 + 2/(-4)). Let w be (y/(-4))/(6/(-24)). Suppose -2*f + 3*u = -16, -w*f + 13 = -f - 4*u. Calculate r(f).
9
Let s(k) = -32*k - 1470. Let r be s(-46). Let d(c) be the first derivative of 4 + 12*c - 1/2*c**r. Calculate d(7).
5
Suppose -u + 3 + 23 = 0. Let z(f) = -2*f - 13 + u - 10 - 7. Give z(-8).
12
Let n(v) = 8*v**2 - 9*v + 7. Let l(z) = -11*z**2 + 9*z - 11. Let j(c) = -3*l(c) - 4*n(c). Calculate j(-8).
-3
Suppose -449*z + 508 + 390 = 0. Let f(k) = k**3 - 5*k**2 + k. Determine f(z).
-10
Let u(f) be the third derivative of f**7/5040 - f**6/120 - f**5/5 - 51*f**2. Let v(b) be the third derivative of u(b). Calculate v(0).
-6
Let s(v) = -8*v - 9*v**2 - 4*v + 93*v**3 - 2*v - 44*v**3 - 8 + 0*v - 50*v**3. Suppose 19 = -5*f - 2*n - 12, 5*f + 3*n + 29 = 0. Determine s(f).
-8
Let y(x) = 5*x**3 + 4*x**2 - 21*x + 2. Let v(j) = 8*j**3 + 9*j**2 - 38*j + 5. Let i(f) = -3*v(f) + 5*y(f). Give i(5).
-10
Let c = -26816 + 26819. Let f(u) = -3*u**2 - 7*u - 3. Let y(v) = -5*v**2 - 13*v - 5. Let d(m) = 11*f(m) - 6*y(m). Determine d(c).
-27
Suppose -7*h + 92 = -3*h + 3*n, -5*h = -3*n - 142. Let q = -28 + h. Let y(f) = -5*f**2 - 4*f - 3. Determine y(q).
-15
Let c(l) be the second derivative of l**3/6 + 9*l**2 + 1398*l + 1. Give c(-3).
15
Let f(k) be the first derivative of 0*k - 17 - 5/2*k**2. What is f(1)?
-5
Let x(o) = 2*o**2 + 8*o. Let q(c) = c**3 - 16*c**2 + 55*c + 40. Let w be q(21). Let v be (-4)/34 + w/(-578). Give x(v).
24
Let z(f) be the first derivative of f**6/120 - f**5/15 - 7*f**4/24 + 5*f**3/6 - 132*f**2 + 210. Let h(d) be the second derivative of z(d). Determine h(4).
-23
Let d(g) be the third derivative of -g**4/6 - 2*g**3/3 - 14*g**2 + 23*g - 1. Let c = 33 + -17. Suppose 5*b - b = -c. Calculate d(b).
12
Let r(f) = -2*f**2 + 2*f + 1. Let s(a) = -2*a**2 - 16*a - 7. Let b be s(-6). Let h = -4 + b. Let u = -11 + h. Determine r(u).
-3
Let s(r) be the first derivative of r**3/3 - 9*r**2 - 121*r + 10656. Calculate s(23).
-6
Let q(o) = 20*o**2 - o + 1. Let g be (15/10)/((-27)/4)*9. Calculate q(g).
83
Suppose p + 57 + 30 = 2*o, -2*o + 4*p = -78. Suppose -5*f = -10 - o. Let g(z) = 2*z - 14. What is g(f)?
8
Suppose 19*y - 88 = 15*y. Suppose -4*i - 10 = -4*a + y, -5*i + 20 = 5*a. Let k(f) = -f**2 + 5*f - 1. Give k(a).
-7
Let n(w) be the third derivative of -59*w**2 + w**3 + 0*w - 1/12*w**4 + 0. Suppose 0 = -2*o + o - 5. What is n(o)?
16
Let r = -471 - -321. Let d = -141 - r. Suppose -v - d = -s - 7, -2*s + 9 = 3*v. Let o(w) = -5*w + 2. Calculate o(s).
-13
Let r = 348 + -344. Let w(a) = a**3 + 2*a**3 + 3 - 6 - 2*a**2 + r - a**3. Suppose 2 = 2*z + 5*n + 3, 4 = z - 2*n. What is w(z)?
9
Let f(c) = c - 1. Let y be f(-3). Let b(r) = r + 62. Let z(v) = -v - 156. Let t(i) = 5*b(i) + 2*z(i). What is t(y)?
-14
Let k(o) = -2*o**3 - 53*o**2 + 27*o - 32. Let y(s) = s**2 - 698*s - 6390. Let r be y(-9). Determine k(r).
-32
Let q(t) = -9*t + 16. Let a(h) = -8*h + 12. Let v(p) = 6*a(p) - 5*q(p). Let f(l) = l**3 - 7*l**2 - 9*l + 2. Let x = 25 + -17. Let d be f(x). What is v(d)?
10
Let x(j) = -10*j**2 - 4*j - 7. Let n(r) = -3*r**2 - r - 2. Let p(q) = 7*n(q) - 2*x(q). What is p(3)?
-6
Let d(a) = 4*a**3 + a**2 + 3*a + 4. Suppose -294*h + 76 = -332*h. Determine d(h).
-30
Let v(m) = -m - m**2 + 2*m**2 - 1 - 3. Let k(u) = 2*u**3 - 538*u**2 - 87*u + 23407. Let a be k(269). What is v(a)?
8
Let b(l) be the second derivative of 23*l**4/12 + l**2/2 + l. Let x be (34/6)/17*(-2 + -1). What is b(x)?
24
Suppose 16*h - 12*h = -276. Let u = -65 - h. Let p(c) be the first derivative of -c**4/4 + 5*c**3/3 - 3*c**2/2 - 2*c - 3. Give p(u).
2
Let x be (46/(-12) - -2) + ((-35)/30)/7. Let j(m) = m**3 + 3*m**2 + 2*m + 2. Calculate j(x).
2
Let k(y) = -3*y**3 + y**2 - 3*y + 3. Suppose -4*h + 3 = -0*h + b, 5*b = -5. Give k(h).
-2
Let r be 3/(-2)*(-4)/6 - 31. Let c = r + 33. Let m(x) = 7*x - c*x + 8 - 2*x - 2. Determine m(-4).
-2
Let u(r) be the third derivative of 8*r**5/15 + r**4/12 - r**3 - 7870*r**2. What is u(2)?
126
Let o = 1242 + -1248. Let p(z) = 6*z + 42. Calculate p(o).
6
Let h(p) = p**2 - 9*p + 14. Let x(l) = -3*l + 59. Let k be x(19). Suppose k*i - i = 7. What is h(i)?
0
Let i be (-2)/((-162)/39 - -4) + 1. Let t(v) be the second derivativ